(base 14) to base 11
-37a8633
-18a37 (base 12) to base 13
-13537
306aa10 (base 12) to base 15
beb950
Convert 3c6b3 (base 13) to base 11.
78066
b5963 (base 12) to base 10
238107
Convert -1002201102020 (base 3) to base 7.
-4654266
Convert -99a2b (base 13) to base 4.
-1010000111
1942d (base 14) to base 10
63937
Convert -4032232 (base 5) to base 11.
-44671
Convert -35892 (base 13) to base 12.
-48963
-10101101000000110101100 (base 2) to base 8
-25500654
What is -101543554 (base 6) in base 7?
-21024562
-32020232 (base 4) to base 3
-2221102112
What is 30245533 (base 6) in base 2?
11010010011010000001
Convert -45402545 (base 6) to base 11.
-866441
14401231212 (base 5) to base 15
1a385c2
418092 (base 10) to base 2
1100110000100101100
-13213431 (base 5) to base 3
-20201120110
1056315 (base 8) to base 9
475157
-1532a65 (base 13) to base 2
-11001110110000101010100
-4114642 (base 8) to base 2
-100001001100110100010
-1052416 (base 7) to base 12
-63671
12200223 (base 5) to base 2
11100001111101000
-11040420 (base 5) to base 12
-47920
Convert -3da33 (base 16) to base 5.
-31034332
322a4 (base 11) to base 6
1001153
Convert -eb79b4 (base 15) to base 16.
-ab1c78
511163 (base 9) to base 16
49e51
48cb2a (base 13) to base 15
2461ce
What is 1010526 (base 7) in base 11?
82438
What is 9ac7c (base 16) in base 10?
633980
What is 311331121 (base 4) in base 9?
366154
What is -134669 (base 11) in base 7?
-1536310
Convert -25321 (base 16) to base 7.
-1203115
1001000010110011 (base 2) to base 4
21002303
76453 (base 11) to base 3
12122021200
What is 111111221 (base 3) in base 11?
7448
Convert -22a35 (base 11) to base 10.
-33192
-1030b91 (base 13) to base 5
-2224230334
1011322 (base 7) to base 15
25ac1
100111011100000100000 (base 2) to base 9
2378651
Convert 10200021 (base 5) to base 2.
10100100110100010
Convert 3291738 (base 11) to base 6.
323404313
What is 425534551 (base 6) in base 9?
15185124
What is -20200202000101 (base 3) in base 15?
-4a413a
Convert -713476 (base 8) to base 7.
-2000040
What is 5183aa (base 15) in base 9?
7255857
What is -1010011110101000001 (base 2) in base 6?
-11205345
What is 3a640b (base 14) in base 3?
10210100220121
201111002002121 (base 3) to base 12
357442a
What is 120012220222 (base 3) in base 2?
1001001001000101100
Convert -1012044233 (base 6) to base 3.
-201200021102110
2232030023 (base 4) to base 6
23143055
What is -3718271 (base 10) in base 12?
-12b393b
Convert -94dcd8 (base 15) to base 6.
-411454405
Convert 1457779 (base 11) to base 2.
1001100010001010010100
-413bbc (base 13) to base 2
-101110011101010100010
What is 33132030 (base 5) in base 11?
186299
What is 13872644 (base 9) in base 5?
3231210340
12122002101 (base 3) to base 7
641146
Convert -13582 (base 9) to base 11.
-6a29
412743 (base 16) to base 2
10000010010011101000011
Convert -2022122101100 (base 3) to base 4.
-10231001322
Convert 684bc (base 15) to base 16.
51033
-30761632 (base 8) to base 16
-63e39a
Convert -1602588 (base 9) to base 5.
-211401203
Convert -4142011 (base 9) to base 8.
-10341255
What is -1440577 (base 8) in base 6?
-12442023
10a4a (base 15) to base 14
1541b
Convert 311060 (base 7) to base 4.
30333113
Convert -100000000010000111 (base 2) to base 15.
-28d22
Convert 101313000 (base 4) to base 13.
273b1
What is ac111 (base 15) in base 14?
1034ab
Convert -234243132 (base 5) to base 13.
-2c0b8b
Convert -252817 (base 9) to base 13.
-54862
-21211011 (base 3) to base 7
-22423
14095 (base 10) to base 6
145131
1002212021021 (base 3) to base 2
10001111011111111010
What is 101000000011110110 (base 2) in base 6?
3303354
What is 24491f (base 16) in base 8?
11044437
130011222 (base 4) to base 12
566b6
Convert -226014 (base 9) to base 2.
-100001000110110111
What is -15177 (base 8) in base 2?
-1101001111111
120001110202 (base 3) to base 4
1020111332
Convert -53052540 (base 6) to base 15.
-208479
What is 1000122120 (base 4) in base 2?
1000000011010011000
Convert 43e94e (base 15) to base 5.
1312114344
What is 7226092 (base 10) in base 3?
111121010100001
What is -100101110100111100 (base 2) in base 5?
-14424230
28c1d5 (base 14) to base 16
159c5f
What is -1000514032 (base 6) in base 2?
-100110100110011001100100
What is -1102100202 (base 3) in base 11?
-1a013
What is 310434330 (base 5) in base 8?
4646505
-2155622 (base 7) to base 3
-111112001212
What is -33e7 (base 15) in base 5?
-323032
Convert -21043125 (base 6) to base 15.
-c16c8
Convert 2b4e2b (base 15) to base 9.
3838105
Convert 1437c1 (base 13) to base 4.
1320132130
71665 (base 15) to base 10
359195
2101000020011 (base 3) to base 11
790624
180099 (base 10) to base 8
537603
-581412 (base 12) to base 14
-28a9d4
Convert 4022002001 (base 5) to base 7.
125000230
Convert 111010011001011111111111 (base 2) to base 10.
15308799
What is 1000101011120 (base 3) in base 10?
538854
Convert 272765 (base 8) to base 6.
2015113
What is 110101001100101011 (base 2) in base 8?
651453
Convert 12ba7c7 (base 13) to base 4.
112202013002
What is 12223020 (base 6) in base 13?
1095ab
Convert -1111010111101010001 (base 2) to base 14.
-d177b
What is -232113200 (base 5) in base 11?
-658740
Convert -101110001101100101 (base 2) to base 9.
-317576
Convert -1100100100100000111110 (base 2) to base 15.
-4515b4
-172aac (base 13) to base 16
-8cfa6
Convert -7133326 (base 8) to base 5.
-440204224
What is 2554360 (base 10) in base 9?
4722827
-840325 (base 10) to base 15
-118eba
What is 1dc9d (base 15) in base 6?
2030404
Convert -1032223103 (base 4) to base 14.
-85627
What is -1024231 (base 8) in base 12?
-111875
What is -254443 (base 6) in base 10?
-23067
What is -101000111001111110110100 (base 2) in base 14?
-15d1c68
Convert 11111110210 (base 3) to base 2.
10101100111101010
Convert 3b120 (base 15) to base 13.
681b1
What is 2e5554 (base 16) in base 3?
12201021021222
What is -b7a4c (base 15) in base 9?
-1077430
-2b2a (base 15) to base 8
-22061
Convert -14b529 (base 12) to base 14.
-9217b
32111232032 (base 4) to base 13
a17c71
What is -130012132 (base 4) in base 10?
-115102
What is 1052220 (base 10) in base 11?
659604
What is 4452 (base 6) in base 3?
1102112
What is -2122220001 (base 3) in base 7?
-305536
What is 568803 (base 10) in base 15?
b3803
Convert -1110001000010001010 (base 2) to base 8.
-1610212
Convert 1e703 (base 15) to base 9.
161373
Convert -3550605 (base 7) to base 5.
-103334121
What is ba1056 (base 13) in base 8?
20533205
Convert 1234422 (base 12) to base 5.
1402201440
Convert 103441423 (base 5) to base 2.
1101110100010000010
-1a142dd (base 14) to base 6
-1141421335
What is 10aa5 (base 16) in base 15?
1535b
What is 2132200122 (base 4) in base 16?
9e81a
What is a1830 (base 11) in base 7?
1156436
1002121210 (base 3) to base 6
243550
-23a39 (base 12) to base 14
-13789
What is 100111001011011100001 (base 2) in base 3?
2102020001111
11756 (base 8) to base 2
1001111101110
1b8f3e (base 16) to base 15
25a247
What is 1503122 (base 6) in base 9?
141255
-68664 (base 15) to base 8
-1210642
Convert -59ac4 (base 13) to base 11.
-1025a0
464516 (base 9) to base 8
1040562
Convert -23063 (base 9) to base 13.
-6cc0
944017 (base 11) to base 10
1513365
What is 71980 (base 11) in base 9?
170021
-189698 (base 10) to base 6
-4022122
-543491 (base 15) to base 5
-2011314121
-23c24 (base 14) to base 8
-252630
1101011010011011 (base 2) to base 8
153233
What is -642517 (base 8) in base 5?
-23324401
What is -22301431 (base 7) in base 10?
-1933366
41934 (base 11) to base 2
1110111001011101
-210516 (base 11) to base 2
-1010010010111010101
Convert -318aa61 (base 13) to base 15.
-14d539c
101100110111111101110 (base 2) to base 15
1e0a4b
-6455106 (base 7) to base 8
-3000721
What is 9080b (base 12) in base 4?
231312023
What is -11001000111001011001101 (base 2) in base 16?
-6472cd
-34db9b (base 14) to base 5
-430230401
Convert 530bc7 (base 14) to base 8.
12551653
What is 6eae7 (base 16) in base 12?
19a433
Convert 12525013 (base 6) to base 16.
65841
1603166 (base 7) to base 8
654741
856089 (base 10) to base 7
10163613
-1000001100011110000 (base 2) to base 6
-5431104
-3340928 (base 10) to base 9
-6251802
-89705 (base 11) to base 14
-3550b
Convert 9d10c (base 16) to base 13.
196a99
-10101101010111100111010 (base 2) to base 9
-11617721
-15202011 (base 6) to base 10
-529207
49349 (base 12) to base 7